{"id":15,"date":"2015-11-06T22:14:17","date_gmt":"2015-11-06T21:14:17","guid":{"rendered":"https:\/\/wosp2023.interka.pl\/?page_id=15"},"modified":"2026-01-21T10:34:22","modified_gmt":"2026-01-21T09:34:22","slug":"sztab","status":"publish","type":"page","link":"https:\/\/wosp.praszka.pl\/?page_id=15","title":{"rendered":"Sztab"},"content":{"rendered":"<p style=\"text-align: center;\">Sztab 34. Fina\u0142u WO\u015aP w Praszce<\/p>\n<p style=\"text-align: center;\"><strong>Danuta Czemielewska-Cholak \u2013 szef sztabu<\/strong><\/p>\n<p style=\"text-align: center;\"><strong>Koordynator ds. artystycznych:<\/strong><br \/>\nGra\u017cyna Walk\u00f3w<\/p>\n<p style=\"text-align: center;\"><strong>Sekretariat, sprawy r\u00f3\u017cne:<\/strong><br \/>\nMarcin Rak<br \/>\nOlga Grajek<\/p>\n<p style=\"text-align: center;\"><strong>Dzia\u0142 techniczny:<\/strong><br \/>\nJan Lebioda<br \/>\nMarek Kuliberda<br \/>\nBartosz Ka\u0142wak<br \/>\nLeszek Cholak<br \/>\nPawe\u0142 Marciniak<br \/>\nBartek Sta\u0144czyk<br \/>\nMateusz Chrobak<br \/>\nMarcin Piszcza\u0142ka<br \/>\nKrzysztof Szczepa\u0144ski<br \/>\nRados\u0142aw Pilak<br \/>\nGrzegorz Goclik<br \/>\nRados\u0142aw Stanik<br \/>\nKonrad Goclik<br \/>\nMarcel Bor<br \/>\nKrystian Wiatr<br \/>\nFilip Mordal<\/p>\n<p style=\"text-align: center;\"><strong>Prowadz\u0105cy:<\/strong><br \/>\nRafa\u0142 Wyr\u0119bak<\/p>\n<p style=\"text-align: center;\">\n","protected":false},"excerpt":{"rendered":"<p>Sztab 34. Fina\u0142u WO\u015aP w Praszce Danuta Czemielewska-Cholak \u2013 szef sztabu Koordynator ds. artystycznych: Gra\u017cyna Walk\u00f3w Sekretariat, sprawy r\u00f3\u017cne: Marcin Rak Olga Grajek Dzia\u0142 techniczny: Jan Lebioda Marek Kuliberda Bartosz Ka\u0142wak Leszek Cholak Pawe\u0142 Marciniak Bartek Sta\u0144czyk Mateusz Chrobak Marcin Piszcza\u0142ka Krzysztof Szczepa\u0144ski Rados\u0142aw Pilak Grzegorz Goclik Rados\u0142aw Stanik Konrad Goclik Marcel Bor Krystian Wiatr [&hellip;]<\/p>\n","protected":false},"author":2,"featured_media":0,"parent":0,"menu_order":2,"comment_status":"closed","ping_status":"closed","template":"","meta":{"footnotes":""},"yoast_head":"<!-- This site is optimized with the Yoast SEO plugin v23.5 - https:\/\/yoast.com\/wordpress\/plugins\/seo\/ -->\n<title>Sztab 27. Fina\u0142u WO\u015aP w Praszce<\/title>\n<meta name=\"description\" content=\"Sztab 27. Fina\u0142u WO\u015aP w Praszce\" \/>\n<meta name=\"robots\" content=\"index, follow, max-snippet:-1, max-image-preview:large, max-video-preview:-1\" \/>\n<link rel=\"canonical\" href=\"https:\/\/wosp.praszka.pl\/?page_id=15\" \/>\n<meta property=\"og:locale\" content=\"pl_PL\" \/>\n<meta property=\"og:type\" content=\"article\" \/>\n<meta property=\"og:title\" content=\"Sztab 27. Fina\u0142u WO\u015aP w Praszce\" \/>\n<meta property=\"og:description\" content=\"Sztab 27. Fina\u0142u WO\u015aP w Praszce\" \/>\n<meta property=\"og:url\" content=\"https:\/\/wosp.praszka.pl\/?page_id=15\" \/>\n<meta property=\"og:site_name\" content=\"WO\u015aP Praszka\" \/>\n<meta property=\"article:modified_time\" content=\"2026-01-21T09:34:22+00:00\" \/>\n<meta name=\"twitter:card\" content=\"summary_large_image\" \/>\n<meta name=\"twitter:label1\" content=\"Szacowany czas czytania\" \/>\n\t<meta name=\"twitter:data1\" content=\"1 minuta\" \/>\n<script type=\"application\/ld+json\" class=\"yoast-schema-graph\">{\"@context\":\"https:\/\/schema.org\",\"@graph\":[{\"@type\":\"WebPage\",\"@id\":\"https:\/\/wosp.praszka.pl\/?page_id=15\",\"url\":\"https:\/\/wosp.praszka.pl\/?page_id=15\",\"name\":\"Sztab 27. Fina\u0142u WO\u015aP w Praszce\",\"isPartOf\":{\"@id\":\"https:\/\/wosp.praszka.pl\/#website\"},\"datePublished\":\"2015-11-06T21:14:17+00:00\",\"dateModified\":\"2026-01-21T09:34:22+00:00\",\"description\":\"Sztab 27. Fina\u0142u WO\u015aP w Praszce\",\"breadcrumb\":{\"@id\":\"https:\/\/wosp.praszka.pl\/?page_id=15#breadcrumb\"},\"inLanguage\":\"pl-PL\",\"potentialAction\":[{\"@type\":\"ReadAction\",\"target\":[\"https:\/\/wosp.praszka.pl\/?page_id=15\"]}]},{\"@type\":\"BreadcrumbList\",\"@id\":\"https:\/\/wosp.praszka.pl\/?page_id=15#breadcrumb\",\"itemListElement\":[{\"@type\":\"ListItem\",\"position\":1,\"name\":\"Strona g\u0142\u00f3wna\",\"item\":\"https:\/\/wosp.praszka.pl\/\"},{\"@type\":\"ListItem\",\"position\":2,\"name\":\"Sztab\"}]},{\"@type\":\"WebSite\",\"@id\":\"https:\/\/wosp.praszka.pl\/#website\",\"url\":\"https:\/\/wosp.praszka.pl\/\",\"name\":\"WO\u015aP Praszka\",\"description\":\"Praszkowski Sztab WO\u015aP\",\"potentialAction\":[{\"@type\":\"SearchAction\",\"target\":{\"@type\":\"EntryPoint\",\"urlTemplate\":\"https:\/\/wosp.praszka.pl\/?s={search_term_string}\"},\"query-input\":{\"@type\":\"PropertyValueSpecification\",\"valueRequired\":true,\"valueName\":\"search_term_string\"}}],\"inLanguage\":\"pl-PL\"}]}<\/script>\n<!-- \/ Yoast SEO plugin. -->","yoast_head_json":{"title":"Sztab 27. Fina\u0142u WO\u015aP w Praszce","description":"Sztab 27. Fina\u0142u WO\u015aP w Praszce","robots":{"index":"index","follow":"follow","max-snippet":"max-snippet:-1","max-image-preview":"max-image-preview:large","max-video-preview":"max-video-preview:-1"},"canonical":"https:\/\/wosp.praszka.pl\/?page_id=15","og_locale":"pl_PL","og_type":"article","og_title":"Sztab 27. Fina\u0142u WO\u015aP w Praszce","og_description":"Sztab 27. Fina\u0142u WO\u015aP w Praszce","og_url":"https:\/\/wosp.praszka.pl\/?page_id=15","og_site_name":"WO\u015aP Praszka","article_modified_time":"2026-01-21T09:34:22+00:00","twitter_card":"summary_large_image","twitter_misc":{"Szacowany czas czytania":"1 minuta"},"schema":{"@context":"https:\/\/schema.org","@graph":[{"@type":"WebPage","@id":"https:\/\/wosp.praszka.pl\/?page_id=15","url":"https:\/\/wosp.praszka.pl\/?page_id=15","name":"Sztab 27. Fina\u0142u WO\u015aP w Praszce","isPartOf":{"@id":"https:\/\/wosp.praszka.pl\/#website"},"datePublished":"2015-11-06T21:14:17+00:00","dateModified":"2026-01-21T09:34:22+00:00","description":"Sztab 27. Fina\u0142u WO\u015aP w Praszce","breadcrumb":{"@id":"https:\/\/wosp.praszka.pl\/?page_id=15#breadcrumb"},"inLanguage":"pl-PL","potentialAction":[{"@type":"ReadAction","target":["https:\/\/wosp.praszka.pl\/?page_id=15"]}]},{"@type":"BreadcrumbList","@id":"https:\/\/wosp.praszka.pl\/?page_id=15#breadcrumb","itemListElement":[{"@type":"ListItem","position":1,"name":"Strona g\u0142\u00f3wna","item":"https:\/\/wosp.praszka.pl\/"},{"@type":"ListItem","position":2,"name":"Sztab"}]},{"@type":"WebSite","@id":"https:\/\/wosp.praszka.pl\/#website","url":"https:\/\/wosp.praszka.pl\/","name":"WO\u015aP Praszka","description":"Praszkowski Sztab WO\u015aP","potentialAction":[{"@type":"SearchAction","target":{"@type":"EntryPoint","urlTemplate":"https:\/\/wosp.praszka.pl\/?s={search_term_string}"},"query-input":{"@type":"PropertyValueSpecification","valueRequired":true,"valueName":"search_term_string"}}],"inLanguage":"pl-PL"}]}},"_links":{"self":[{"href":"https:\/\/wosp.praszka.pl\/index.php?rest_route=\/wp\/v2\/pages\/15"}],"collection":[{"href":"https:\/\/wosp.praszka.pl\/index.php?rest_route=\/wp\/v2\/pages"}],"about":[{"href":"https:\/\/wosp.praszka.pl\/index.php?rest_route=\/wp\/v2\/types\/page"}],"author":[{"embeddable":true,"href":"https:\/\/wosp.praszka.pl\/index.php?rest_route=\/wp\/v2\/users\/2"}],"replies":[{"embeddable":true,"href":"https:\/\/wosp.praszka.pl\/index.php?rest_route=%2Fwp%2Fv2%2Fcomments&post=15"}],"version-history":[{"count":25,"href":"https:\/\/wosp.praszka.pl\/index.php?rest_route=\/wp\/v2\/pages\/15\/revisions"}],"predecessor-version":[{"id":851,"href":"https:\/\/wosp.praszka.pl\/index.php?rest_route=\/wp\/v2\/pages\/15\/revisions\/851"}],"wp:attachment":[{"href":"https:\/\/wosp.praszka.pl\/index.php?rest_route=%2Fwp%2Fv2%2Fmedia&parent=15"}],"curies":[{"name":"wp","href":"https:\/\/api.w.org\/{rel}","templated":true}]}}