{"id":91,"date":"2015-11-07T16:52:03","date_gmt":"2015-11-07T15:52:03","guid":{"rendered":"https:\/\/wosp2023.interka.pl\/?page_id=91"},"modified":"2026-01-29T15:00:05","modified_gmt":"2026-01-29T14:00:05","slug":"sponsorzy","status":"publish","type":"page","link":"https:\/\/wosp.praszka.pl\/?page_id=91","title":{"rendered":"Sponsorzy"},"content":{"rendered":"<p style=\"text-align: center;\"><span style=\"color: #000000;\"><strong>Sponsorzy i osoby wspieraj\u0105ce 34. Fina\u0142 WO\u015aP w Praszce<\/strong><\/span><\/p>\n<p style=\"text-align: center;\">NEAPCO EUROPE sp. z.o.o, Praszka ul. Kaliska 72<br \/>\nFLORA PRASZKA, ul. Kopernika 15<br \/>\nZAK\u0141AD OGRODNICZY PRODUKCJI SADZONEK CHRYZANTEM Pawe\u0142 Pychy\u0144ski<br \/>\nImsyda Praszka<br \/>\nGminna Sp\u00f3\u0142dzielnia \u201eSamopomoc Ch\u0142opska\u201d, Praszka Pl. Grunwaldzki 27<br \/>\nStarostwo Powiatowe w Ole\u015bnie<br \/>\nGOSKOM, Praszka ul. Powsta\u0144c\u00f3w \u015al\u0105skich 23<br \/>\nOSK Banan Banatkiewicz, Kowale ul. Kolejowa 23<br \/>\nBiuro Poselskie Beniamina Godyli<br \/>\nWoodPecker Weronika Dzi\u0119cio\u0142<br \/>\nKMICIC PRASZKA SYLWIA NIR<br \/>\nWERONA PRASZKA<br \/>\nPPHU Miros\u0142aw Wilczy\u0144ski<br \/>\nPa\u0142ac Paw\u0142owice Ewa i Beniamin Godyla<br \/>\nCukiernia Godyla Ewa i Beniamin Godyla<br \/>\nAUTO GSM \u2013 Jacek Kr\u0119\u017cel<br \/>\nUrz\u0105d Miejski w Praszce, www.praszka.pl<br \/>\nFotoFax Szczepa\u0144ski<br \/>\nCentrum Szkole\u0144 Miko<br \/>\nBartimex<br \/>\nPromie\u0144 Gana<br \/>\nPHU Skrawek<br \/>\nPOLAN Krzysztof Polak<br \/>\nAnna Musia\u0142 Piekarnia, Praszka ul. Senatorska 50<br \/>\nSANEPID OLESNO<br \/>\nKOSOVSKY, Pawe\u0142 Kosowski, Pl. Grunwaldzki 1<br \/>\nEDEMSTAL \u2013 Dominik Noga, Praszka ul. Byczy\u0144ska<br \/>\nKawi Automatic<br \/>\n\u201eOptikal\u201d, Praszka Pl. Grunwaldzki 10<br \/>\nSTANEX Tomasz Stanaszek<br \/>\nProestetic Sandra Kramza<br \/>\nInstinct Izabela Made\u0142a<br \/>\nPomaLOVane<br \/>\nKinga W\u0142odarska Studio<br \/>\nPPHU FENIX SC<br \/>\nSTA\u0143CZYK Studio Bart\u0142omiej Sta\u0144czyk<br \/>\nZesp\u00f3\u0142 VIVA Grzegorz i Konrad Goclik<br \/>\nLight&amp;Go Mateusz Chrobak<br \/>\nCentrum KOLISKO<br \/>\nStudio Fryzur Lidia S\u0142adek<br \/>\nNEW LOOK Emilia Noga<br \/>\nApteka LEK-FARM Justyna Lembke-Rarok<br \/>\nPiekarnia i Cukiernia Uszyce<br \/>\nPiekarnia i Cukiernia Strza\u0142a<br \/>\nFinanse Ubezpieczenia W\u0142odzimierz Ka\u0142u\u017ca<br \/>\nNIGH TERROR Praszka<br \/>\nStudio Gmyru TATTOO<br \/>\nElectric Dystrybucja \u2013 Hurtownia Elektrotechniczna<br \/>\nWIKI MEN \u2013 Katarzyna Antoniewska<br \/>\nFirma Handlowo \u2013 Us\u0142ugowa \u2013 Monika Werner<br \/>\nPPUH Stol-mix \u2013 Jacek \u0141ucki<br \/>\nCeramika Budowlana \u2013 Wies\u0142aw Dziodzio<br \/>\nGarnitury Moda M\u0119ska \u2013 Marek Szczepa\u0144ski<br \/>\nBEST \u2013 CAR<br \/>\nFirma Us\u0142ugowa \u2013 Rados\u0142aw Ka\u0142u\u017ca<br \/>\nApteka Magnolia<br \/>\nPo\u015brednictwo Ubezpieczeniowe \u201e\u015aRODA\u201d \u2013 Marta \u015aroda<br \/>\nGrzegorz Rzepka \u2013 obuwie<br \/>\nSklep Obuwniczy \u2013 Ilona Parkitna<br \/>\nZak\u0142ad Fryzjerski \u2013 Edyta Paluch<br \/>\nKIE\u0141BIK \u2013 Sklep Zoologiczno \u2013 W\u0119dkarski<br \/>\nSklep zoologiczno \u2013 w\u0119dkarski \u2013 Mariola Ch\u0119ci\u0144ska<br \/>\nStylownia Moda damsko \u2013 m\u0119ska \u2013 Ala Kokot<br \/>\nZbigniew Rudzik<br \/>\nLumpek &#8211; Aleksandra Borycka<br \/>\nKoral \u2013 Aneta \u015awiecak<br \/>\nUs\u0142ugi Fryzjerskie \u2013 Ilona Karczewska<br \/>\nRenoma \u2013 Halina Pilak<br \/>\nSalon Firan \u2013 Piotr Adamczyk<br \/>\nFirma Handlowa Ketis \u2013 Gra\u017cyna Sitek<br \/>\nPHU Denver \u2013 Adam Pychy\u0144ski<br \/>\nFHU Mariusz Garncarek \u2013 Kwiaciarnia Ulubiona &amp; Barnej \u2013 Studio Detailingowe<br \/>\nSandra Jeans<br \/>\nApteka prywatna \u2013 Mariola Ksi\u0119\u017carek<br \/>\nAnna Adamus \u2013 Salon Fryzjerski<br \/>\nCROP N ROLL BARBERSHOP \u2013 Szymon Czy\u017cewski<br \/>\nCentrum Fizjoterapii &#8211; Magdalena Dziub<br \/>\nMobilny Masa\u017c &#8211; Monika Osowska<br \/>\nAnita Jendrosek &#8211; Pokocham Siebie \/ Harmonia Muzyki<br \/>\nPaulina Kopa\u0144ska<br \/>\nStudio Kosmetologiczne &#8211; Anna Ma\u0142yska<br \/>\nIN Beauty Room &#8211; Izabela Noga<br \/>\nMedycyna Dla Ciebie &#8211; dr Jakub Szner<br \/>\nJanusz i Wojciech Tobi\u015b<br \/>\nMorsy Pijanki &#8211; Praszka<\/p>\n<p style=\"text-align: center;\"><strong>Jeszcze raz dzi\u0119kujemy, je\u015bli kogo\u015b pomin\u0119li\u015bmy &#8211; bardzo przepraszamy i prosimy o kontakt.<\/strong><\/p>\n","protected":false},"excerpt":{"rendered":"<p>Sponsorzy i osoby wspieraj\u0105ce 34. Fina\u0142 WO\u015aP w Praszce NEAPCO EUROPE sp. z.o.o, Praszka ul. Kaliska 72 FLORA PRASZKA, ul. Kopernika 15 ZAK\u0141AD OGRODNICZY PRODUKCJI SADZONEK CHRYZANTEM Pawe\u0142 Pychy\u0144ski Imsyda Praszka Gminna Sp\u00f3\u0142dzielnia \u201eSamopomoc Ch\u0142opska\u201d, Praszka Pl. Grunwaldzki 27 Starostwo Powiatowe w Ole\u015bnie GOSKOM, Praszka ul. Powsta\u0144c\u00f3w \u015al\u0105skich 23 OSK Banan Banatkiewicz, Kowale ul. Kolejowa [&hellip;]<\/p>\n","protected":false},"author":2,"featured_media":0,"parent":0,"menu_order":3,"comment_status":"closed","ping_status":"closed","template":"","meta":{"footnotes":""},"yoast_head":"<!-- This site is optimized with the Yoast SEO plugin v23.5 - https:\/\/yoast.com\/wordpress\/plugins\/seo\/ -->\n<title>Sponsorzy - WO\u015aP Praszka<\/title>\n<meta name=\"robots\" content=\"index, follow, max-snippet:-1, max-image-preview:large, max-video-preview:-1\" \/>\n<link rel=\"canonical\" href=\"https:\/\/wosp.praszka.pl\/?page_id=91\" \/>\n<meta property=\"og:locale\" content=\"pl_PL\" \/>\n<meta property=\"og:type\" content=\"article\" \/>\n<meta property=\"og:title\" content=\"Sponsorzy - WO\u015aP Praszka\" \/>\n<meta property=\"og:description\" content=\"Sponsorzy i osoby wspieraj\u0105ce 34. Fina\u0142 WO\u015aP w Praszce NEAPCO EUROPE sp. z.o.o, Praszka ul. Kaliska 72 FLORA PRASZKA, ul. Kopernika 15 ZAK\u0141AD OGRODNICZY PRODUKCJI SADZONEK CHRYZANTEM Pawe\u0142 Pychy\u0144ski Imsyda Praszka Gminna Sp\u00f3\u0142dzielnia \u201eSamopomoc Ch\u0142opska\u201d, Praszka Pl. Grunwaldzki 27 Starostwo Powiatowe w Ole\u015bnie GOSKOM, Praszka ul. Powsta\u0144c\u00f3w \u015al\u0105skich 23 OSK Banan Banatkiewicz, Kowale ul. Kolejowa [&hellip;]\" \/>\n<meta property=\"og:url\" content=\"https:\/\/wosp.praszka.pl\/?page_id=91\" \/>\n<meta property=\"og:site_name\" content=\"WO\u015aP Praszka\" \/>\n<meta property=\"article:modified_time\" content=\"2026-01-29T14:00:05+00:00\" \/>\n<meta name=\"twitter:card\" content=\"summary_large_image\" \/>\n<meta name=\"twitter:label1\" content=\"Szacowany czas czytania\" \/>\n\t<meta name=\"twitter:data1\" content=\"3 minuty\" \/>\n<script type=\"application\/ld+json\" class=\"yoast-schema-graph\">{\"@context\":\"https:\/\/schema.org\",\"@graph\":[{\"@type\":\"WebPage\",\"@id\":\"https:\/\/wosp.praszka.pl\/?page_id=91\",\"url\":\"https:\/\/wosp.praszka.pl\/?page_id=91\",\"name\":\"Sponsorzy - WO\u015aP Praszka\",\"isPartOf\":{\"@id\":\"https:\/\/wosp.praszka.pl\/#website\"},\"datePublished\":\"2015-11-07T15:52:03+00:00\",\"dateModified\":\"2026-01-29T14:00:05+00:00\",\"breadcrumb\":{\"@id\":\"https:\/\/wosp.praszka.pl\/?page_id=91#breadcrumb\"},\"inLanguage\":\"pl-PL\",\"potentialAction\":[{\"@type\":\"ReadAction\",\"target\":[\"https:\/\/wosp.praszka.pl\/?page_id=91\"]}]},{\"@type\":\"BreadcrumbList\",\"@id\":\"https:\/\/wosp.praszka.pl\/?page_id=91#breadcrumb\",\"itemListElement\":[{\"@type\":\"ListItem\",\"position\":1,\"name\":\"Strona g\u0142\u00f3wna\",\"item\":\"https:\/\/wosp.praszka.pl\/\"},{\"@type\":\"ListItem\",\"position\":2,\"name\":\"Sponsorzy\"}]},{\"@type\":\"WebSite\",\"@id\":\"https:\/\/wosp.praszka.pl\/#website\",\"url\":\"https:\/\/wosp.praszka.pl\/\",\"name\":\"WO\u015aP Praszka\",\"description\":\"Praszkowski Sztab WO\u015aP\",\"potentialAction\":[{\"@type\":\"SearchAction\",\"target\":{\"@type\":\"EntryPoint\",\"urlTemplate\":\"https:\/\/wosp.praszka.pl\/?s={search_term_string}\"},\"query-input\":{\"@type\":\"PropertyValueSpecification\",\"valueRequired\":true,\"valueName\":\"search_term_string\"}}],\"inLanguage\":\"pl-PL\"}]}<\/script>\n<!-- \/ Yoast SEO plugin. -->","yoast_head_json":{"title":"Sponsorzy - WO\u015aP Praszka","robots":{"index":"index","follow":"follow","max-snippet":"max-snippet:-1","max-image-preview":"max-image-preview:large","max-video-preview":"max-video-preview:-1"},"canonical":"https:\/\/wosp.praszka.pl\/?page_id=91","og_locale":"pl_PL","og_type":"article","og_title":"Sponsorzy - WO\u015aP Praszka","og_description":"Sponsorzy i osoby wspieraj\u0105ce 34. Fina\u0142 WO\u015aP w Praszce NEAPCO EUROPE sp. z.o.o, Praszka ul. Kaliska 72 FLORA PRASZKA, ul. Kopernika 15 ZAK\u0141AD OGRODNICZY PRODUKCJI SADZONEK CHRYZANTEM Pawe\u0142 Pychy\u0144ski Imsyda Praszka Gminna Sp\u00f3\u0142dzielnia \u201eSamopomoc Ch\u0142opska\u201d, Praszka Pl. Grunwaldzki 27 Starostwo Powiatowe w Ole\u015bnie GOSKOM, Praszka ul. Powsta\u0144c\u00f3w \u015al\u0105skich 23 OSK Banan Banatkiewicz, Kowale ul. Kolejowa [&hellip;]","og_url":"https:\/\/wosp.praszka.pl\/?page_id=91","og_site_name":"WO\u015aP Praszka","article_modified_time":"2026-01-29T14:00:05+00:00","twitter_card":"summary_large_image","twitter_misc":{"Szacowany czas czytania":"3 minuty"},"schema":{"@context":"https:\/\/schema.org","@graph":[{"@type":"WebPage","@id":"https:\/\/wosp.praszka.pl\/?page_id=91","url":"https:\/\/wosp.praszka.pl\/?page_id=91","name":"Sponsorzy - WO\u015aP Praszka","isPartOf":{"@id":"https:\/\/wosp.praszka.pl\/#website"},"datePublished":"2015-11-07T15:52:03+00:00","dateModified":"2026-01-29T14:00:05+00:00","breadcrumb":{"@id":"https:\/\/wosp.praszka.pl\/?page_id=91#breadcrumb"},"inLanguage":"pl-PL","potentialAction":[{"@type":"ReadAction","target":["https:\/\/wosp.praszka.pl\/?page_id=91"]}]},{"@type":"BreadcrumbList","@id":"https:\/\/wosp.praszka.pl\/?page_id=91#breadcrumb","itemListElement":[{"@type":"ListItem","position":1,"name":"Strona g\u0142\u00f3wna","item":"https:\/\/wosp.praszka.pl\/"},{"@type":"ListItem","position":2,"name":"Sponsorzy"}]},{"@type":"WebSite","@id":"https:\/\/wosp.praszka.pl\/#website","url":"https:\/\/wosp.praszka.pl\/","name":"WO\u015aP Praszka","description":"Praszkowski Sztab WO\u015aP","potentialAction":[{"@type":"SearchAction","target":{"@type":"EntryPoint","urlTemplate":"https:\/\/wosp.praszka.pl\/?s={search_term_string}"},"query-input":{"@type":"PropertyValueSpecification","valueRequired":true,"valueName":"search_term_string"}}],"inLanguage":"pl-PL"}]}},"_links":{"self":[{"href":"https:\/\/wosp.praszka.pl\/index.php?rest_route=\/wp\/v2\/pages\/91"}],"collection":[{"href":"https:\/\/wosp.praszka.pl\/index.php?rest_route=\/wp\/v2\/pages"}],"about":[{"href":"https:\/\/wosp.praszka.pl\/index.php?rest_route=\/wp\/v2\/types\/page"}],"author":[{"embeddable":true,"href":"https:\/\/wosp.praszka.pl\/index.php?rest_route=\/wp\/v2\/users\/2"}],"replies":[{"embeddable":true,"href":"https:\/\/wosp.praszka.pl\/index.php?rest_route=%2Fwp%2Fv2%2Fcomments&post=91"}],"version-history":[{"count":91,"href":"https:\/\/wosp.praszka.pl\/index.php?rest_route=\/wp\/v2\/pages\/91\/revisions"}],"predecessor-version":[{"id":866,"href":"https:\/\/wosp.praszka.pl\/index.php?rest_route=\/wp\/v2\/pages\/91\/revisions\/866"}],"wp:attachment":[{"href":"https:\/\/wosp.praszka.pl\/index.php?rest_route=%2Fwp%2Fv2%2Fmedia&parent=91"}],"curies":[{"name":"wp","href":"https:\/\/api.w.org\/{rel}","templated":true}]}}